t p(c) = 6*c + 6*c + 3*c**2 - x*c - 4*c**2 - 10. What is p(7)?
4
Let f(y) = -y + 7. Let u be f(7). Suppose u = -3*s - 4 + 10. Let d(j) = -3*j + 18 + j**2 - 17 + j**2 + 2*j. Determine d(s).
7
Let t(b) be the first derivative of -4*b**3/3 + 11*b**2/2 + 2*b - 84. Let y be t(3). Let j(r) = 2*r + 3. Give j(y).
1
Let z(b) = -3*b**2 - 85*b + 2. Let a(u) = 17*u**2 + 429*u - 9. Let q(x) = -3*a(x) - 16*z(x). Determine q(24).
19
Suppose 266 - 224 = 3*h. Let l(t) = t**3 - 16*t**2 + 28*t + 4. Determine l(h).
4
Let j(o) = o**2 + 4*o. Let y(l) = -l**2 + l + 3. Let s = -16 - -20. Suppose -4 = 4*h - s*i, -13 = 5*h - 2*i - 5. Let n be y(h). Determine j(n).
-3
Let p = 51 + -47. Suppose 5*d + 0*h - 18 = 4*h, 0 = d - h - p. Let c(w) = -w**3 + w**2 + w - 2. Calculate c(d).
-4
Let c(g) = -5*g + 6. Let z(u) = -u + 1. Let s(r) = c(r) - 6*z(r). Suppose 5*n = -2 + 22. Suppose -29*x + 32*x + 2*y + 7 = 0, 4*x - n*y + 36 = 0. Calculate s(x).
-5
Let i(q) = 7*q + 110. Let m(n) = 6*n + 102. Let s(x) = 5*i(x) - 4*m(x). Give s(-14).
-12
Let b be (-91)/20 + (-4)/20 - 46/184. Let u(x) = -8*x - 46. Determine u(b).
-6
Suppose 0 = b + 4*d - 4, -5*d = -2*d. Let a(g) = 63*g + 13. Let t(s) = -19*s - 4. Let c(z) = 2*a(z) + 7*t(z). Determine c(b).
-30
Let w(q) be the third derivative of 0*q + 5/24*q**4 + 1/60*q**5 - 3 + 68*q**2 + 1/2*q**3. Give w(-5).
3
Suppose -10 = -3*x - 1. Let y(c) = -178*c + 360*c - 3 + c**2 - 184*c. Let m(w) = -w**2 + 3*w + 1. Let l(r) = -3*m(r) - 2*y(r). Give l(x).
-3
Suppose 3*s - 12 = -s. Let w(m) = -s - 3 - 4 + 15 + m. Suppose 4*u + 12 + 23 = -5*j, j - 41 = 4*u. Calculate w(u).
-5
Let o(t) = 6*t + 3. Let l(r) = -r. Let b(d) = 4*l(d) + o(d). Let k = 10230 - 10236. Give b(k).
-9
Let l(a) be the second derivative of -3*a + 1/6*a**3 + 0 - 2*a**2. Let q be -5*15*(-20)/(-250). What is l(q)?
-10
Let t(x) = 41*x**2 - 10*x - 3. Let d(r) = 62*r**2 - 10*r - 3. Let u(v) = 2*d(v) - 3*t(v). What is u(-12)?
27
Let s(y) = -2. Let l(k) = k - 8. Let q(c) = l(c) - 5*s(c). Let i = -72 + 77. What is q(i)?
7
Suppose -2 = -t, k = 4*t + 25 - 29. Let q(v) = 2*v + 1. Let o be q(4). Let d(h) = -k + 1 - o*h + 8*h. What is d(8)?
-11
Let j be (-13)/13 + (-1 - -6) + -1. Suppose 0 = j*t - 18 + 15. Let k(b) = -6*b**3 - 4*b + 4. What is k(t)?
-6
Let d(r) be the third derivative of r**5/30 + 23*r**4/24 - 7*r**3/3 - 784*r**2. What is d(-12)?
-2
Let m(f) = -f**3 + 13*f**2 + 18*f - 31. Let q(r) = -10*r**2 - 59*r + 20. Let j be q(-6). What is m(j)?
25
Let a(y) = -19 - 16*y + 479*y**2 - 480*y**2 + 8*y. Calculate a(-6).
-7
Suppose -135*r + 360 = 134*r - 1254. Let o(n) = -n**2. Let i(b) = b**3 + 2*b**2 - 6*b - 4. Let z(f) = i(f) + 6*o(f). Calculate z(r).
32
Suppose 0 = 42*k + 127 - 25 + 24. Suppose z = 6*m - 2*m + 1, 3*z = 5*m + 10. Let n(g) = -1 + 4*g + g**2 + m - g**3 + 2. Calculate n(k).
26
Let i(n) = n**3 + 2*n**2 - 5*n + 2. Suppose -13*j = -10*j - 4*a - 16, -3*j = -3*a - 15. Let y(l) = l**3 - 7*l**2 + 13*l - 8. Let u be y(j). What is i(u)?
-10
Let y = 13 + -16. Let d(q) be the first derivative of 7*q**3/3 + q**2/2 - 7*q - 5. Let s(a) = -4*a**2 + 4. Let f(t) = -3*d(t) - 5*s(t). Give f(y).
1
Let q(r) = -r**3 + 3*r**2 + 13*r - 12. Let a be (5/2)/((-7)/(-2) + -3). Suppose 15 = -g + 5*f, -2*g + a*f - f = 6. Let x be q(g). Let t(c) = 2*c. What is t(x)?
6
Let v(a) = 27 + 22*a - 46 - 27 - 50 - 49. Give v(7).
9
Let u(v) = -v**3 + 40*v**2 - 13*v - 42. Let p be u(40). Let r = p + 568. Let c(b) = -3*b + 15. Give c(r).
-3
Let f(u) = u**2 + 6*u - 18. Let o = 8431 + -8439. Determine f(o).
-2
Let n be ((-8)/12)/((-2)/183). Suppose n*q = 62*q - 5. Let v be q*(0 + 0 - (-4)/10). Let h(b) = b**2 - 4*b - 1. What is h(v)?
-5
Let s(y) be the second derivative of -y**3/6 + 11*y**2 + 1142*y. Determine s(0).
22
Suppose 17 = 4*q - 3. Let u(k) = -k**3 - 4*k**2 - 9*k - 3. Let w(z) = -3*z + 30710*z**2 - 1 + 2*z - 30710*z**2 - z**3. Let r(p) = u(p) - 2*w(p). Calculate r(q).
-11
Let u = 50 - 32. Let g = u - 20. Let s be (-10)/2 + g*15/(-10). Let r(z) = 2*z**2 - 2*z - 2. Give r(s).
10
Let p(u) = -u**3 + 7*u**2 - 19*u + 79. Let d(h) = h**2 - 60*h - 1398. Let s be d(-18). What is p(s)?
1
Let g = 3716 - 3722. Let v(k) = k**3 + 9*k**2 + 19*k + 15. Give v(g).
9
Suppose -174*b - 10 = -169*b, b - 62 = -4*c. Let i(g) = -g**2 + 13*g + 57. Calculate i(c).
9
Let f(n) = n**2 + 15*n - 22. Let g(t) = -4*t**2 - 58*t + 87. Let d(o) = -9*f(o) - 2*g(o). Determine d(-22).
-42
Let y(w) = -3*w - 13. Let u(j) = 3*j + 16. Let h(t) = -t + 21. Let f be h(16). Let p(l) = f*u(l) + 6*y(l). Suppose 4*q + 24 = -2*q. What is p(q)?
14
Suppose 2*t + 3*k + 8 = -2*k, -2*t + 5*k = -12. Let q(x) = -214*x + 218*x + 5 - 3 - t. Suppose -5*d = 2*l - 14, -4*l - 28 = -0*d - 4*d. Determine q(d).
17
Let s be 1215/75 - 2*5/50. Let q(m) = -11*m + 168. Calculate q(s).
-8
Suppose -2*j + 10 = 0, 2*t = t + 2*j - 6. Let i be (2700/(-16))/(-9)*t. Let v = i - 73. Let c(h) = h**3 - 3*h**2 + 2*h + 2. What is c(v)?
2
Suppose 16*v + 210 = 96*v - 50*v. Let b(m) = -m - 9 + 2 - m**2 + 10*m. Determine b(v).
7
Let k(t) = -t**3 + 7*t**2 + 13*t - 39. Let z be k(8). Let j(p) = 12*p + 2. Give j(z).
14
Let i(s) = -s**2 + s - 3. Let l(y) = 6*y - 13. Let d(b) = -11*b + 25. Let t(z) = 4*d(z) + 7*l(z). Let o be t(-8). Let p = o - 28. Calculate i(p).
-15
Suppose -5*f - 5*q = -5, -5*f + 15 = 3*q + 6. Let c(m) = -1 + 4*m - 13*m + m**f + 252*m**2 - 261*m**2. Give c(10).
9
Let v(p) be the first derivative of -p**4/2 - p**3/3 - 2*p**2 + 8*p + 126. What is v(3)?
-67
Let s(p) be the first derivative of p**6/120 + p**5/10 + 7*p**4/24 + 2*p**3/3 - 34*p**2 - 127. Let y(j) be the second derivative of s(j). Determine y(-5).
-6
Let x = 175 - 153. Suppose -x*m = 17 + 181. Let h(g) = g**2 + 11*g + 10. Determine h(m).
-8
Let i(c) be the third derivative of c**5/12 - c**3/6 + 1432*c**2. Suppose -4*r - 5 = -1. Give i(r).
4
Let m(c) = -c**3 - 7*c**2 + 17*c - 13. Let p be m(-9). Let n be (-4 - -1) + (-2 - -2 - p). Let o(i) = -5*i**3 + i**2 - i. What is o(n)?
-5
Suppose 0*k + 2*k = 4. Suppose -5*v = k*c - 18, 5*v - c + 4*c = 17. Let g(o) be the first derivative of o**4/4 - 4*o**3/3 + o**2/2 - 4*o + 4. Calculate g(v).
0
Let q(s) be the first derivative of -17*s**2/2 + 81*s - 452. Determine q(5).
-4
Let g(b) = b**3 + 9*b**2 + b - 45. Let k(i) = -i**3 - 28*i**2 - 60*i - 216. Let c be k(-26). Give g(c).
11
Let h(g) = 162 + 73*g**2 - 72*g**2 + 20*g - 124. Give h(-17).
-13
Let h(o) be the third derivative of o**7/1260 - o**6/720 - 127*o**5/60 + 124*o**2. Let r(t) be the third derivative of h(t). Calculate r(-1).
-5
Let h(j) = j**3 - 5*j**2 - 8*j + 9. Let p be h(6). Let u(q) = -149*q + 7. Let s(f) = 347*f - 18. Let d(v) = 6*s(v) + 14*u(v). Give d(p).
2
Let h(s) = s + 9. Let m(q) = 6*q - 2. Let i(w) = 6*h(w) - 2*m(w). Determine i(8).
10
Let t(c) be the third derivative of c**3 + 1/4*c**4 + 1/60*c**5 + 0 + 144*c**2 + 0*c. Determine t(-4).
-2
Suppose 2*g + 5*n - 29 = -0*g, 5*g + 5*n = 35. Let p(z) = 23*z + 10. What is p(g)?
56
Let l(b) be the first derivative of -b**6/120 - 2*b**5/15 - 7*b**4/24 - b**3/6 + 29*b**2 - 6. Let x(n) be the second derivative of l(n). Determine x(-7).
-1
Let j(a) = 2*a**3 + 8*a**2 + 4*a + 4. Let p(m) = 6*m**2 - 49*m - 191. Let n be p(11). Determine j(n).
-12
Let v(s) = 9*s**3 - s + 1. Let p be (-4)/24 - 5627/(-102). Let o = 56 - p. Calculate v(o).
9
Let q(b) = 4*b + 2*b + 2*b - 2*b - 7*b. Let a = -9 - -12. Suppose 0 = 3*j - a - 9. What is q(j)?
-4
Let y(d) = -d**3 + 15*d**2 + d - 9. Suppose -3*b + 2*t + 16 = 0, 5*b + 29*t - 24*t = 35. Suppose -b*z - 15 = -7*z. What is y(z)?
6
Let q(b) = 2*b**3 + 11*b**2 - 9*b + 11. Let r(p) = 5*p**3 + 24*p**2 - 19*p + 24. Let a(j) = 7*q(j) - 3*r(j). Calculate a(5).
-25
Let g(k) = -18*k + 13*k - 120 + 9*k - 26*k. Determine g(-6).
12
Let i(s) be the second derivative of 1/3*s**3 - 4*s**2 - 1/2*s**4 + 0 - 1/20*s**5 - 24*s. What is i(-6)?
-20
Let m(d) = 7*d + 9. Let s be m(-1). Suppose -2*z - 1 = u - 0, -5*z = s*u. Let f(p) = -6*p - 6*p + 0*p. Give f(z).
-24
Suppose 4*v - 45 - 23 = -2*d, -d + 58 = 5*v. Let t(z) = 8*z + 26. Give t(d).
170
Let q(n) = -6*n**2 - 75*n + 1. Let u(j) = -j**2 - 39*j + 1. Let y(f) = q(f) - 2*u(f). What is y(-2)?
-23
Let v(g) = -6*g**2 + 2*g - 4. Let w(z) = -61*z - 2133. Let c be w(-35). Give v(c).
-24
Let u be 3*-3*300/(-540). Let z(v) = v**2 + 6